{"id":39,"date":"2019-06-02T17:22:53","date_gmt":"2019-06-02T16:22:53","guid":{"rendered":"http:\/\/vtom.fr\/?page_id=39"},"modified":"2025-11-03T14:39:03","modified_gmt":"2025-11-03T13:39:03","slug":"visites-virtuelles","status":"publish","type":"page","link":"https:\/\/vtom.fr\/index.php\/visites-virtuelles\/","title":{"rendered":"Visites virtuelles 3D"},"content":{"rendered":"\n<p>Nous pouvons r\u00e9aliser tous types de visites virtuelles: Maison, Appartement, G\u00eetes, Airbnb, Hotel, Boutique, Magasins, Galeries, Mus\u00e9s, Bar, Industrie&#8230;<\/p>\n\n\n\n<p>Plusieurs options\/qualit\u00e9s s&rsquo;offrent \u00e0 vous, afin de correspondre au mieux \u00e0 vos attentes et votre budget.<br>Le mat\u00e9riel utilis\u00e9 pour les captures sph\u00e9riques sera adapt\u00e9 en fonction du rendu souhait\u00e9.<\/p>\n\n\n\n<p class=\"has-text-align-center\"><strong>Depuis 2015 nous utilisons la technologie MATTERPORT, leader mondial du jumeau num\u00e9rique.<\/strong><\/p>\n\n\n\n<figure class=\"wp-block-image size-large\"><img data-recalc-dims=\"1\" loading=\"lazy\" decoding=\"async\" width=\"770\" height=\"770\" data-attachment-id=\"1120\" data-permalink=\"https:\/\/vtom.fr\/index.php\/visites-virtuelles\/baccae08-ee4a-4155-9a37-ebebe135a1fd-copie\/\" data-orig-file=\"https:\/\/i0.wp.com\/vtom.fr\/wp-content\/uploads\/2023\/04\/BACCAE08-EE4A-4155-9A37-EBEBE135A1FD-copie.jpg?fit=1500%2C1500&amp;ssl=1\" data-orig-size=\"1500,1500\" data-comments-opened=\"0\" data-image-meta=\"{&quot;aperture&quot;:&quot;1.5&quot;,&quot;credit&quot;:&quot;&quot;,&quot;camera&quot;:&quot;iPhone 13 Pro Max&quot;,&quot;caption&quot;:&quot;&quot;,&quot;created_timestamp&quot;:&quot;1667135905&quot;,&quot;copyright&quot;:&quot;&quot;,&quot;focal_length&quot;:&quot;5.6999998092633&quot;,&quot;iso&quot;:&quot;160&quot;,&quot;shutter_speed&quot;:&quot;0.016666666666667&quot;,&quot;title&quot;:&quot;&quot;,&quot;orientation&quot;:&quot;1&quot;}\" data-image-title=\"BACCAE08-EE4A-4155-9A37-EBEBE135A1FD-copie\" data-image-description=\"\" data-image-caption=\"\" data-medium-file=\"https:\/\/i0.wp.com\/vtom.fr\/wp-content\/uploads\/2023\/04\/BACCAE08-EE4A-4155-9A37-EBEBE135A1FD-copie.jpg?fit=300%2C300&amp;ssl=1\" data-large-file=\"https:\/\/i0.wp.com\/vtom.fr\/wp-content\/uploads\/2023\/04\/BACCAE08-EE4A-4155-9A37-EBEBE135A1FD-copie.jpg?fit=770%2C770&amp;ssl=1\" src=\"https:\/\/i0.wp.com\/vtom.fr\/wp-content\/uploads\/2023\/04\/BACCAE08-EE4A-4155-9A37-EBEBE135A1FD-copie.jpg?resize=770%2C770&#038;ssl=1\" alt=\"\" class=\"wp-image-1120\" srcset=\"https:\/\/i0.wp.com\/vtom.fr\/wp-content\/uploads\/2023\/04\/BACCAE08-EE4A-4155-9A37-EBEBE135A1FD-copie.jpg?resize=1024%2C1024&amp;ssl=1 1024w, https:\/\/i0.wp.com\/vtom.fr\/wp-content\/uploads\/2023\/04\/BACCAE08-EE4A-4155-9A37-EBEBE135A1FD-copie.jpg?resize=300%2C300&amp;ssl=1 300w, https:\/\/i0.wp.com\/vtom.fr\/wp-content\/uploads\/2023\/04\/BACCAE08-EE4A-4155-9A37-EBEBE135A1FD-copie.jpg?resize=150%2C150&amp;ssl=1 150w, https:\/\/i0.wp.com\/vtom.fr\/wp-content\/uploads\/2023\/04\/BACCAE08-EE4A-4155-9A37-EBEBE135A1FD-copie.jpg?resize=768%2C768&amp;ssl=1 768w, https:\/\/i0.wp.com\/vtom.fr\/wp-content\/uploads\/2023\/04\/BACCAE08-EE4A-4155-9A37-EBEBE135A1FD-copie.jpg?resize=370%2C370&amp;ssl=1 370w, https:\/\/i0.wp.com\/vtom.fr\/wp-content\/uploads\/2023\/04\/BACCAE08-EE4A-4155-9A37-EBEBE135A1FD-copie.jpg?resize=60%2C60&amp;ssl=1 60w, https:\/\/i0.wp.com\/vtom.fr\/wp-content\/uploads\/2023\/04\/BACCAE08-EE4A-4155-9A37-EBEBE135A1FD-copie.jpg?resize=600%2C600&amp;ssl=1 600w, https:\/\/i0.wp.com\/vtom.fr\/wp-content\/uploads\/2023\/04\/BACCAE08-EE4A-4155-9A37-EBEBE135A1FD-copie.jpg?resize=100%2C100&amp;ssl=1 100w, https:\/\/i0.wp.com\/vtom.fr\/wp-content\/uploads\/2023\/04\/BACCAE08-EE4A-4155-9A37-EBEBE135A1FD-copie.jpg?w=1500&amp;ssl=1 1500w\" sizes=\"auto, (max-width: 770px) 100vw, 770px\" \/><\/figure>\n\n\n\n<p class=\"has-text-align-center\">Nos visites virtuelles sont compatible <strong>Google Streetview<\/strong>.<\/p>\n\n\n\n<p><iframe loading=\"lazy\" src=\"https:\/\/my.matterport.com\/show\/?m=hwd126SNoaQ\" width=\"853\" height=\"480\" frameborder=\"0\" allowfullscreen=\"allowfullscreen\">&amp;amp;amp;amp;amp;amp;amp;lt;\/p&amp;amp;amp;amp;amp;amp;amp;gt;<\/iframe><\/p>\n\n\n\n<p><iframe loading=\"lazy\" src=\"https:\/\/my.matterport.com\/show\/?m=yE5UGm4ffza\" width=\"853\" height=\"480\" frameborder=\"0\" allowfullscreen=\"allowfullscreen\">&amp;amp;amp;amp;amp;amp;lt;\/p&amp;amp;amp;amp;amp;amp;gt;<\/iframe><\/p>\n\n\n\n<p><iframe loading=\"lazy\" src=\"https:\/\/my.matterport.com\/show\/?m=ZJspLiQ7Vgj\" width=\"853\" height=\"480\" frameborder=\"0\" allowfullscreen=\"allowfullscreen\">&amp;amp;amp;amp;amp;amp;amp;lt;\/p&amp;amp;amp;amp;amp;amp;amp;gt;<\/iframe><\/p>\n\n\n\n<p><iframe loading=\"lazy\" src=\"https:\/\/my.matterport.com\/show\/?m=3DJqPdMYbrS\" width=\"853\" height=\"480\" frameborder=\"0\" allowfullscreen=\"allowfullscreen\">&amp;amp;amp;amp;amp;amp;lt;\/p&amp;amp;amp;amp;amp;amp;gt;<\/iframe><\/p>\n\n\n\n<p class=\"has-medium-font-size\"><strong><a href=\"http:\/\/vtom.fr\/index.php\/tarifs-2017\/tarif-visites-virtuelles-2017\/\" target=\"_blank\" rel=\"noopener noreferrer\">TARIFS 2025<\/a><\/strong><\/p>\n\n\n\n<p><\/p>\n","protected":false},"excerpt":{"rendered":"<p>Nous pouvons r\u00e9aliser tous types de visites virtuelles: Maison, Appartement, G\u00eetes, Airbnb, Hotel, Boutique, Magasins, Galeries, Mus\u00e9s, Bar, Industrie&#8230; Plusieurs options\/qualit\u00e9s s&rsquo;offrent \u00e0 vous, afin de correspondre au mieux \u00e0 vos attentes et votre budget.Le mat\u00e9riel utilis\u00e9 pour les captures sph\u00e9riques sera adapt\u00e9 en fonction du rendu souhait\u00e9. Depuis 2015 nous utilisons la technologie MATTERPORT, &hellip; <\/p>\n","protected":false},"author":3,"featured_media":0,"parent":0,"menu_order":0,"comment_status":"closed","ping_status":"closed","template":"","meta":{"jetpack_post_was_ever_published":false,"footnotes":""},"class_list":["post-39","page","type-page","status-publish","hentry"],"jetpack_sharing_enabled":true,"jetpack_shortlink":"https:\/\/wp.me\/P7Ct3F-D","jetpack-related-posts":[],"_links":{"self":[{"href":"https:\/\/vtom.fr\/index.php\/wp-json\/wp\/v2\/pages\/39","targetHints":{"allow":["GET"]}}],"collection":[{"href":"https:\/\/vtom.fr\/index.php\/wp-json\/wp\/v2\/pages"}],"about":[{"href":"https:\/\/vtom.fr\/index.php\/wp-json\/wp\/v2\/types\/page"}],"author":[{"embeddable":true,"href":"https:\/\/vtom.fr\/index.php\/wp-json\/wp\/v2\/users\/3"}],"replies":[{"embeddable":true,"href":"https:\/\/vtom.fr\/index.php\/wp-json\/wp\/v2\/comments?post=39"}],"version-history":[{"count":41,"href":"https:\/\/vtom.fr\/index.php\/wp-json\/wp\/v2\/pages\/39\/revisions"}],"predecessor-version":[{"id":1152,"href":"https:\/\/vtom.fr\/index.php\/wp-json\/wp\/v2\/pages\/39\/revisions\/1152"}],"wp:attachment":[{"href":"https:\/\/vtom.fr\/index.php\/wp-json\/wp\/v2\/media?parent=39"}],"curies":[{"name":"wp","href":"https:\/\/api.w.org\/{rel}","templated":true}]}}